{"id":89,"date":"2024-06-05T21:20:56","date_gmt":"2024-06-05T21:20:56","guid":{"rendered":"https:\/\/barrososemminas.org\/2024\/?page_id=89"},"modified":"2025-07-18T10:26:11","modified_gmt":"2025-07-18T10:26:11","slug":"ponto-de-situacao","status":"publish","type":"page","link":"https:\/\/barrososemminas.org\/2025\/","title":{"rendered":"\u25cf PONTO DE SITUA\u00c7\u00c3O"},"content":{"rendered":"\n<p class=\"eplus-wrapper\"><\/p>\n\n\n\n<p class=\"eplus-wrapper\"><\/p>\n\n\n\n<p class=\"eplus-wrapper\">\n\n<h1><p>\u25cf PONTO DE SITUA\u00c7\u00c3O<\/h1><\/p>\n\n\n\n<p class=\"eplus-wrapper\">Desde agosto do ano passado, muito mudou: a viol\u00eancia da empresa e do Estado intensificaram-se. <\/p>\n\n\n\n<p class=\"eplus-wrapper\"><strong><mark style=\"background-color:rgba(0, 0, 0, 0);color:#10865a\" class=\"has-inline-color\">MAS TAMB\u00c9M A NOSSA RESIST\u00caNCIA.&nbsp;<\/mark><\/strong><\/p>\n\n\n\n<p class=\"eplus-wrapper\"><\/p>\n\n\n\n<p class=\"eplus-wrapper\">N\u00e3o conseguindo acesso aos terrenos para realizar prospe\u00e7\u00f5es &#8211; uma das condicionantes exigidas na Declara\u00e7\u00e3o de Impacto Ambiental que recebeu em maio de 2023 -,&nbsp; a empresa requereu uma \u201cservid\u00e3o administrativa\u201d ao Estado, que lhe foi concedida em dezembro de 2024. Em janeiro de 2025, a popula\u00e7\u00e3o local organizou um protesto em Covas do Barroso contra esta decis\u00e3o.&nbsp;<\/p>\n\n\n\n<p class=\"eplus-wrapper\"><\/p>\n\n\n\n<p class=\"eplus-wrapper\">Foi tamb\u00e9m interposta uma provid\u00eancia cautelar contra esta servid\u00e3o em fevereiro de 2025, aceite mais tarde pela ju\u00edza. Contudo, quinze dias depois, o Minist\u00e9rio do Ambiente apresentou uma \u201cresolu\u00e7\u00e3o fundamentada\u201d, argumentando que estas prospe\u00e7\u00f5es s\u00e3o de interesse nacional.<\/p>\n\n\n\n<p class=\"eplus-wrapper\"><\/p>\n\n\n\n<p class=\"eplus-wrapper\">Desde dezembro que a empresa labora praticamente todos os dias em terrenos &nbsp; particulares e baldios, contra a vontade da popula\u00e7\u00e3o, cortando \u00e1rvores, perfurando os solos e destruindo o que n\u00e3o lhe pertence. Por v\u00e1rias vezes, residentes locais foram ao terreno impedir que a empresa trabalhasse fora da \u00e1rea da servid\u00e3o.&nbsp;<\/p>\n\n\n\n<p class=\"eplus-wrapper\"><\/p>\n\n\n\n<p class=\"eplus-wrapper\">Em janeiro de 2025, a Assembleia de Compartes dos Baldios de Covas do Barroso aprovou, por unanimidade, a cessa\u00e7\u00e3o do contrato de arrendamento, datado de 2006, que permitia \u00e0 empresa trabalhar em dezasseis hectares baldios. Apesar de terem perdido a concess\u00e3o, esta continua a ocupar a \u00e1rea, agindo desta forma contra a lei.&nbsp;<\/p>\n\n\n\n<p class=\"eplus-wrapper\"><\/p>\n\n\n\n<p class=\"eplus-wrapper\">Em mar\u00e7o de 2025, a Comiss\u00e3o Europeia imp\u00f4s o r\u00f3tulo de projeto mineiro \u201cestrat\u00e9gico\u201d, ao abrigo do Regulamento Europeu de Mat\u00e9rias Primas Cr\u00edticas. A UDCB contestou esta decis\u00e3o, em junho de 2025, junto da Comiss\u00e3o Europeia.<\/p>\n\n\n\n<p class=\"eplus-wrapper\"><\/p>\n\n\n\n<p class=\"eplus-wrapper\">Nos \u00faltimos meses, intensificou-se um clima de vigil\u00e2ncia na aldeia: a empresa instalou c\u00e2maras de vigia e contratou seguran\u00e7as privados, agora residentes na aldeia, que andam nos montes e nas ruas, 24h por dia, trazendo com isso uma sensa\u00e7\u00e3o generalizada de desconforto e inseguran\u00e7a.&nbsp;<\/p>\n\n\n\n<p class=\"eplus-wrapper\"><\/p>\n\n\n\n<p class=\"eplus-wrapper\">Por fim, a popula\u00e7\u00e3o local foi informada em maio sobre a exist\u00eancia de um novo pedido de servid\u00e3o administrativa ao Estado, por parte da empresa &#8211; tamb\u00e9m ele entretanto contestado.&nbsp;<\/p>\n\n\n\n<p class=\"eplus-wrapper\"><\/p>\n\n\n\n<p class=\"eplus-wrapper\">N\u00e3o reconhecemos qualquer legitimidade a esta actua\u00e7\u00e3o da empresa e do Estado. A resist\u00eancia a estes abusos faz-se quotidianamente, nas aldeias e fora delas, de v\u00e1rias formas e em v\u00e1rias frentes. O acampamento \u00e9 mais uma destas frentes de defesa dos direitos das popula\u00e7\u00f5es, do baldio, das serras e das \u00e1guas. \u00c9 um momento em que nos unimos e gritamos bem alto: o Barroso n\u00e3o se vende.&nbsp;<\/p>\n\n\n\n<p class=\"eplus-wrapper\"><\/p>\n\n\n\n<p class=\"eplus-wrapper\"><strong><mark style=\"background-color:rgba(0, 0, 0, 0);color:#10865a\" class=\"has-inline-color\">POR TUDO ISTO, JUNTA-TE A N\u00d3S NESTE AGOSTO!<\/mark><\/strong><\/p>\n","protected":false},"excerpt":{"rendered":"<p>\u25cf PONTO DE SITUA\u00c7\u00c3O Desde agosto do ano passado, muito mudou: a viol\u00eancia da empresa e do Estado intensificaram-se. MAS TAMB\u00c9M A NOSSA RESIST\u00caNCIA.&nbsp; N\u00e3o conseguindo acesso aos terrenos para realizar prospe\u00e7\u00f5es &#8211; uma das condicionantes exigidas na Declara\u00e7\u00e3o de Impacto Ambiental que recebeu em maio de 2023 -,&nbsp; a empresa requereu uma \u201cservid\u00e3o administrativa\u201d [&hellip;]<\/p>\n","protected":false},"author":1,"featured_media":453,"parent":0,"menu_order":0,"comment_status":"closed","ping_status":"closed","template":"manifesto-2","meta":{"editor_plus_copied_stylings":"{}","footnotes":""},"class_list":["post-89","page","type-page","status-publish","has-post-thumbnail","hentry"],"_links":{"self":[{"href":"https:\/\/barrososemminas.org\/2025\/wp-json\/wp\/v2\/pages\/89","targetHints":{"allow":["GET"]}}],"collection":[{"href":"https:\/\/barrososemminas.org\/2025\/wp-json\/wp\/v2\/pages"}],"about":[{"href":"https:\/\/barrososemminas.org\/2025\/wp-json\/wp\/v2\/types\/page"}],"author":[{"embeddable":true,"href":"https:\/\/barrososemminas.org\/2025\/wp-json\/wp\/v2\/users\/1"}],"replies":[{"embeddable":true,"href":"https:\/\/barrososemminas.org\/2025\/wp-json\/wp\/v2\/comments?post=89"}],"version-history":[{"count":34,"href":"https:\/\/barrososemminas.org\/2025\/wp-json\/wp\/v2\/pages\/89\/revisions"}],"predecessor-version":[{"id":619,"href":"https:\/\/barrososemminas.org\/2025\/wp-json\/wp\/v2\/pages\/89\/revisions\/619"}],"wp:featuredmedia":[{"embeddable":true,"href":"https:\/\/barrososemminas.org\/2025\/wp-json\/wp\/v2\/media\/453"}],"wp:attachment":[{"href":"https:\/\/barrososemminas.org\/2025\/wp-json\/wp\/v2\/media?parent=89"}],"curies":[{"name":"wp","href":"https:\/\/api.w.org\/{rel}","templated":true}]}}

● PONTO DE SITUAÇÃO

<p class="eplus-wrapper"></p>



<p class="eplus-wrapper"></p>



<p class="eplus-wrapper">

<h1><p>● PONTO DE SITUAÇÃO</h1></p>



<p class="eplus-wrapper">Desde agosto do ano passado, muito mudou: a violência da empresa e do Estado intensificaram-se. </p>



<p class="eplus-wrapper"><strong><mark style="background-color:rgba(0, 0, 0, 0);color:#10865a" class="has-inline-color">MAS TAMBÉM A NOSSA RESISTÊNCIA.&nbsp;</mark></strong></p>



<p class="eplus-wrapper"></p>



<p class="eplus-wrapper">Não conseguindo acesso aos terrenos para realizar prospeções &#8211; uma das condicionantes exigidas na Declaração de Impacto Ambiental que recebeu em maio de 2023 -,&nbsp; a empresa requereu uma “servidão administrativa” ao Estado, que lhe foi concedida em dezembro de 2024. Em janeiro de 2025, a população local organizou um protesto em Covas do Barroso contra esta decisão.&nbsp;</p>



<p class="eplus-wrapper"></p>



<p class="eplus-wrapper">Foi também interposta uma providência cautelar contra esta servidão em fevereiro de 2025, aceite mais tarde pela juíza. Contudo, quinze dias depois, o Ministério do Ambiente apresentou uma “resolução fundamentada”, argumentando que estas prospeções são de interesse nacional.</p>



<p class="eplus-wrapper"></p>



<p class="eplus-wrapper">Desde dezembro que a empresa labora praticamente todos os dias em terrenos &nbsp; particulares e baldios, contra a vontade da população, cortando árvores, perfurando os solos e destruindo o que não lhe pertence. Por várias vezes, residentes locais foram ao terreno impedir que a empresa trabalhasse fora da área da servidão.&nbsp;</p>



<p class="eplus-wrapper"></p>



<p class="eplus-wrapper">Em janeiro de 2025, a Assembleia de Compartes dos Baldios de Covas do Barroso aprovou, por unanimidade, a cessação do contrato de arrendamento, datado de 2006, que permitia à empresa trabalhar em dezasseis hectares baldios. Apesar de terem perdido a concessão, esta continua a ocupar a área, agindo desta forma contra a lei.&nbsp;</p>



<p class="eplus-wrapper"></p>



<p class="eplus-wrapper">Em março de 2025, a Comissão Europeia impôs o rótulo de projeto mineiro “estratégico”, ao abrigo do Regulamento Europeu de Matérias Primas Críticas. A UDCB contestou esta decisão, em junho de 2025, junto da Comissão Europeia.</p>



<p class="eplus-wrapper"></p>



<p class="eplus-wrapper">Nos últimos meses, intensificou-se um clima de vigilância na aldeia: a empresa instalou câmaras de vigia e contratou seguranças privados, agora residentes na aldeia, que andam nos montes e nas ruas, 24h por dia, trazendo com isso uma sensação generalizada de desconforto e insegurança.&nbsp;</p>



<p class="eplus-wrapper"></p>



<p class="eplus-wrapper">Por fim, a população local foi informada em maio sobre a existência de um novo pedido de servidão administrativa ao Estado, por parte da empresa &#8211; também ele entretanto contestado.&nbsp;</p>



<p class="eplus-wrapper"></p>



<p class="eplus-wrapper">Não reconhecemos qualquer legitimidade a esta actuação da empresa e do Estado. A resistência a estes abusos faz-se quotidianamente, nas aldeias e fora delas, de várias formas e em várias frentes. O acampamento é mais uma destas frentes de defesa dos direitos das populações, do baldio, das serras e das águas. É um momento em que nos unimos e gritamos bem alto: o Barroso não se vende.&nbsp;</p>



<p class="eplus-wrapper"></p>



<p class="eplus-wrapper"><strong><mark style="background-color:rgba(0, 0, 0, 0);color:#10865a" class="has-inline-color">POR TUDO ISTO, JUNTA-TE A NÓS NESTE AGOSTO!</mark></strong></p>

<p>● PONTO DE SITUAÇÃO Desde agosto do ano passado, muito mudou: a violência da empresa e do Estado intensificaram-se. MAS TAMBÉM A NOSSA RESISTÊNCIA.&nbsp; Não conseguindo acesso aos terrenos para realizar prospeções &#8211; uma das condicionantes exigidas na Declaração de Impacto Ambiental que recebeu em maio de 2023 -,&nbsp; a empresa requereu uma “servidão administrativa” [&hellip;]</p>
