{"id":546,"date":"2025-07-18T11:37:13","date_gmt":"2025-07-18T11:37:13","guid":{"rendered":"https:\/\/barrososemminas.org\/2025\/?page_id=546"},"modified":"2025-07-18T11:38:51","modified_gmt":"2025-07-18T11:38:51","slug":"cuidados","status":"publish","type":"page","link":"https:\/\/barrososemminas.org\/2025\/cuidados\/","title":{"rendered":"\u25cf CUIDADOS"},"content":{"rendered":"\n<p class=\"eplus-wrapper\"><\/p>\n\n\n\n<p class=\"eplus-wrapper\"><\/p>\n\n\n\n<p class=\"eplus-wrapper\">\n<h1><br>\u25cf CUIDADOS<\/h1><\/p>\n\n\n\n<p class=\"eplus-wrapper\"><\/p>\n\n\n\n<p class=\"eplus-wrapper\"><BR>Para que este possa ser um espa\u00e7o seguro e harmonioso para todes, partilhamos alguns cuidados aos quais esperamos que estejas atente!<\/p>\n\n\n\n<p class=\" eplus-wrapper\"><\/p>\n\n\n\n<p class=\" eplus-wrapper\"><strong><mark style=\"background-color:rgba(0, 0, 0, 0)\" class=\"has-inline-color has-primary-color\"><BR>CUIDADOS COM ALDEIA<\/mark><\/strong><\/p>\n\n\n\n<p class=\" eplus-wrapper\">Estamos numa aldeia com din\u00e2micas e sensibilidades pr\u00f3prias. Por isso pedimos-te para teres aten\u00e7\u00e3o ao ru\u00eddo durante a noite, para n\u00e3o colheres coisas dos terrenos e para s\u00f3 fazeres nudismo nas zonas assinaladas.&nbsp;<\/p>\n\n\n\n<p class=\" eplus-wrapper\"><strong><mark style=\"background-color:rgba(0, 0, 0, 0)\" class=\"has-inline-color has-primary-color\"><BR>CUIDADO COM MATERIAIS E ESPA\u00c7O<\/mark><\/strong><\/p>\n\n\n\n<p class=\" eplus-wrapper\">O acampamento \u00e9 organizado em modo voluntariado. Por isso incentivamos-te a voluntariar em algum momento e a auxiliar-nos a deixar os espa\u00e7os limpos. Muito importante: n\u00e3o fa\u00e7as fogo.&nbsp;<\/p>\n\n\n\n<p class=\" eplus-wrapper\"><strong><mark style=\"background-color:rgba(0, 0, 0, 0)\" class=\"has-inline-color has-primary-color\"><BR>CUIDADO COM ES OUTRES<\/mark><\/strong><\/p>\n\n\n\n<p class=\"eplus-wrapper\">Queremos que este seja um espa\u00e7o seguro onde haja respeito e cuidado com todes. Se n\u00e3o te sentires bem ou testemunhares algo fala com algu\u00e9m da organiza\u00e7\u00e3o. Se precisares de apoio emocional e\/ou cuidados m\u00e9dicos podes pedir ajuda a algu\u00e9m da organiza\u00e7\u00e3o. H\u00e1 pessoas destacadas para isso. Se vires que algum volunt\u00e1rie est\u00e1 sobrecarregado ou em dificuldades, n\u00e3o hesites em ajudar.<\/p>\n\n\n\n<p class=\" eplus-wrapper\"><\/p>\n\n\n\n<p class=\" eplus-wrapper\"><\/p>\n\n\n<p><span style=\"font-weight: 400;\"><br \/><br \/><\/span><\/p>\n\n<p> <\/p>","protected":false},"excerpt":{"rendered":"<p>\u25cf CUIDADOS Para que este possa ser um espa\u00e7o seguro e harmonioso para todes, partilhamos alguns cuidados aos quais esperamos que estejas atente! CUIDADOS COM ALDEIA Estamos numa aldeia com din\u00e2micas e sensibilidades pr\u00f3prias. Por isso pedimos-te para teres aten\u00e7\u00e3o ao ru\u00eddo durante a noite, para n\u00e3o colheres coisas dos terrenos e para s\u00f3 fazeres [&hellip;]<\/p>\n","protected":false},"author":1,"featured_media":453,"parent":0,"menu_order":0,"comment_status":"closed","ping_status":"closed","template":"manifesto-2","meta":{"editor_plus_copied_stylings":"{}","footnotes":""},"class_list":["post-546","page","type-page","status-publish","has-post-thumbnail","hentry"],"_links":{"self":[{"href":"https:\/\/barrososemminas.org\/2025\/wp-json\/wp\/v2\/pages\/546","targetHints":{"allow":["GET"]}}],"collection":[{"href":"https:\/\/barrososemminas.org\/2025\/wp-json\/wp\/v2\/pages"}],"about":[{"href":"https:\/\/barrososemminas.org\/2025\/wp-json\/wp\/v2\/types\/page"}],"author":[{"embeddable":true,"href":"https:\/\/barrososemminas.org\/2025\/wp-json\/wp\/v2\/users\/1"}],"replies":[{"embeddable":true,"href":"https:\/\/barrososemminas.org\/2025\/wp-json\/wp\/v2\/comments?post=546"}],"version-history":[{"count":8,"href":"https:\/\/barrososemminas.org\/2025\/wp-json\/wp\/v2\/pages\/546\/revisions"}],"predecessor-version":[{"id":554,"href":"https:\/\/barrososemminas.org\/2025\/wp-json\/wp\/v2\/pages\/546\/revisions\/554"}],"wp:featuredmedia":[{"embeddable":true,"href":"https:\/\/barrososemminas.org\/2025\/wp-json\/wp\/v2\/media\/453"}],"wp:attachment":[{"href":"https:\/\/barrososemminas.org\/2025\/wp-json\/wp\/v2\/media?parent=546"}],"curies":[{"name":"wp","href":"https:\/\/api.w.org\/{rel}","templated":true}]}}

<p class="eplus-wrapper"></p>



<p class="eplus-wrapper"></p>



<p class="eplus-wrapper">
<h1><br>● CUIDADOS</h1></p>



<p class="eplus-wrapper"></p>



<p class="eplus-wrapper"><BR>Para que este possa ser um espaço seguro e harmonioso para todes, partilhamos alguns cuidados aos quais esperamos que estejas atente!</p>



<p class=" eplus-wrapper"></p>



<p class=" eplus-wrapper"><strong><mark style="background-color:rgba(0, 0, 0, 0)" class="has-inline-color has-primary-color"><BR>CUIDADOS COM ALDEIA</mark></strong></p>



<p class=" eplus-wrapper">Estamos numa aldeia com dinâmicas e sensibilidades próprias. Por isso pedimos-te para teres atenção ao ruído durante a noite, para não colheres coisas dos terrenos e para só fazeres nudismo nas zonas assinaladas.&nbsp;</p>



<p class=" eplus-wrapper"><strong><mark style="background-color:rgba(0, 0, 0, 0)" class="has-inline-color has-primary-color"><BR>CUIDADO COM MATERIAIS E ESPAÇO</mark></strong></p>



<p class=" eplus-wrapper">O acampamento é organizado em modo voluntariado. Por isso incentivamos-te a voluntariar em algum momento e a auxiliar-nos a deixar os espaços limpos. Muito importante: não faças fogo.&nbsp;</p>



<p class=" eplus-wrapper"><strong><mark style="background-color:rgba(0, 0, 0, 0)" class="has-inline-color has-primary-color"><BR>CUIDADO COM ES OUTRES</mark></strong></p>



<p class="eplus-wrapper">Queremos que este seja um espaço seguro onde haja respeito e cuidado com todes. Se não te sentires bem ou testemunhares algo fala com alguém da organização. Se precisares de apoio emocional e/ou cuidados médicos podes pedir ajuda a alguém da organização. Há pessoas destacadas para isso. Se vires que algum voluntárie está sobrecarregado ou em dificuldades, não hesites em ajudar.</p>



<p class=" eplus-wrapper"></p>



<p class=" eplus-wrapper"></p>


<p><span style="font-weight: 400;"><br /><br /></span></p>

<p> </p>

<p>● CUIDADOS Para que este possa ser um espaço seguro e harmonioso para todes, partilhamos alguns cuidados aos quais esperamos que estejas atente! CUIDADOS COM ALDEIA Estamos numa aldeia com dinâmicas e sensibilidades próprias. Por isso pedimos-te para teres atenção ao ruído durante a noite, para não colheres coisas dos terrenos e para só fazeres [&hellip;]</p>
