{"id":515,"date":"2025-07-18T10:34:00","date_gmt":"2025-07-18T10:34:00","guid":{"rendered":"https:\/\/barrososemminas.org\/2025\/?page_id=515"},"modified":"2025-07-18T12:06:40","modified_gmt":"2025-07-18T12:06:40","slug":"donativos","status":"publish","type":"page","link":"https:\/\/barrososemminas.org\/2025\/donativos\/","title":{"rendered":"\u25cf DONATIVOS"},"content":{"rendered":"\n<p class=\"eplus-wrapper\"><\/p>\n\n\n\n<p class=\"eplus-wrapper\"><\/p>\n\n\n\n<p class=\"eplus-wrapper\">\n<h1><br>\u25cf DONATIVOS<\/h1><\/p>\n\n\n\n<p class=\"eplus-wrapper\"><\/p>\n\n\n\n<p class=\"eplus-wrapper\"><br>Este evento \u00e9 totalmente organizado em modo voluntariado, sem que ningu\u00e9m seja pago para isso. Tudo o que angariamos serve para a resist\u00eancia e para a luta pela defesa da popula\u00e7\u00e3o e do territ\u00f3rio. Em concreto, temos como um dos principais objectivos apoiar a Associa\u00e7\u00e3o Unidos em Defesa de Covas do Barroso nos custos inerentes \u00e0s suas batalhas legais.<\/p>\n\n\n\n<p class=\" eplus-wrapper\"><\/p>\n\n\n<\/p>\n<p><span style=\"font-weight: 400;\"><br>Se quiseres fazer um donativo, f\u00e1-lo por favor para esta conta:<\/span><\/p>\n\n\n<p class=\" eplus-wrapper\"><mark style=\"background-color:rgba(0, 0, 0, 0)\" class=\"has-inline-color has-primary-color\">IBAN: PT50 0045 2201 40311035882 49<\/mark><\/p>\n\n\n\n<p class=\" eplus-wrapper\"><mark style=\"background-color:rgba(0, 0, 0, 0)\" class=\"has-inline-color has-primary-color\">NOME: ASSOCIA\u00c7\u00c3O UNIDOS EM DEFESA DE COVAS DO BARROSO<\/mark><\/p>\n\n\n\n<p class=\" eplus-wrapper\"><\/p>\n\n\n\n<p class=\" eplus-wrapper\"><\/p>\n\n\n\n<p><p class=\" eplus-wrapper\"><br>E envia o comprovativo da transfer\u00eancia para:<\/p>\n\n\n\n<p class=\" eplus-wrapper\"><a href=\"mailto:barrososemminas@coletivos.org\">barrososemminas@coletivos.org<\/a><\/p>\n\n\n\n<p class=\"eplus-wrapper\"><mark style=\"background-color:rgba(0, 0, 0, 0)\" class=\"has-inline-color has-primary-color\"><br>AGRADECEMOS!<br><\/mark><\/p>\n\n\n\n<p class=\" eplus-wrapper\"><\/p>\n\n\n<p> <br> <\/p>","protected":false},"excerpt":{"rendered":"<p>\u25cf DONATIVOS Este evento \u00e9 totalmente organizado em modo voluntariado, sem que ningu\u00e9m seja pago para isso. Tudo o que angariamos serve para a resist\u00eancia e para a luta pela defesa da popula\u00e7\u00e3o e do territ\u00f3rio. Em concreto, temos como um dos principais objectivos apoiar a Associa\u00e7\u00e3o Unidos em Defesa de Covas do Barroso nos [&hellip;]<\/p>\n","protected":false},"author":1,"featured_media":453,"parent":0,"menu_order":0,"comment_status":"closed","ping_status":"closed","template":"manifesto-2","meta":{"editor_plus_copied_stylings":"{}","footnotes":""},"class_list":["post-515","page","type-page","status-publish","has-post-thumbnail","hentry"],"_links":{"self":[{"href":"https:\/\/barrososemminas.org\/2025\/wp-json\/wp\/v2\/pages\/515","targetHints":{"allow":["GET"]}}],"collection":[{"href":"https:\/\/barrososemminas.org\/2025\/wp-json\/wp\/v2\/pages"}],"about":[{"href":"https:\/\/barrososemminas.org\/2025\/wp-json\/wp\/v2\/types\/page"}],"author":[{"embeddable":true,"href":"https:\/\/barrososemminas.org\/2025\/wp-json\/wp\/v2\/users\/1"}],"replies":[{"embeddable":true,"href":"https:\/\/barrososemminas.org\/2025\/wp-json\/wp\/v2\/comments?post=515"}],"version-history":[{"count":30,"href":"https:\/\/barrososemminas.org\/2025\/wp-json\/wp\/v2\/pages\/515\/revisions"}],"predecessor-version":[{"id":562,"href":"https:\/\/barrososemminas.org\/2025\/wp-json\/wp\/v2\/pages\/515\/revisions\/562"}],"wp:featuredmedia":[{"embeddable":true,"href":"https:\/\/barrososemminas.org\/2025\/wp-json\/wp\/v2\/media\/453"}],"wp:attachment":[{"href":"https:\/\/barrososemminas.org\/2025\/wp-json\/wp\/v2\/media?parent=515"}],"curies":[{"name":"wp","href":"https:\/\/api.w.org\/{rel}","templated":true}]}}

<p class="eplus-wrapper"></p>



<p class="eplus-wrapper"></p>



<p class="eplus-wrapper">
<h1><br>● DONATIVOS</h1></p>



<p class="eplus-wrapper"></p>



<p class="eplus-wrapper"><br>Este evento é totalmente organizado em modo voluntariado, sem que ninguém seja pago para isso. Tudo o que angariamos serve para a resistência e para a luta pela defesa da população e do território. Em concreto, temos como um dos principais objectivos apoiar a Associação Unidos em Defesa de Covas do Barroso nos custos inerentes às suas batalhas legais.</p>



<p class=" eplus-wrapper"></p>


</p>
<p><span style="font-weight: 400;"><br>Se quiseres fazer um donativo, fá-lo por favor para esta conta:</span></p>


<p class=" eplus-wrapper"><mark style="background-color:rgba(0, 0, 0, 0)" class="has-inline-color has-primary-color">IBAN: PT50 0045 2201 40311035882 49</mark></p>



<p class=" eplus-wrapper"><mark style="background-color:rgba(0, 0, 0, 0)" class="has-inline-color has-primary-color">NOME: ASSOCIAÇÃO UNIDOS EM DEFESA DE COVAS DO BARROSO</mark></p>



<p class=" eplus-wrapper"></p>



<p class=" eplus-wrapper"></p>



<p><p class=" eplus-wrapper"><br>E envia o comprovativo da transferência para:</p>



<p class=" eplus-wrapper"><a href="mailto:barrososemminas@coletivos.org">barrososemminas@coletivos.org</a></p>



<p class="eplus-wrapper"><mark style="background-color:rgba(0, 0, 0, 0)" class="has-inline-color has-primary-color"><br>AGRADECEMOS!<br></mark></p>



<p class=" eplus-wrapper"></p>


<p> <br> </p>

<p>● DONATIVOS Este evento é totalmente organizado em modo voluntariado, sem que ninguém seja pago para isso. Tudo o que angariamos serve para a resistência e para a luta pela defesa da população e do território. Em concreto, temos como um dos principais objectivos apoiar a Associação Unidos em Defesa de Covas do Barroso nos [&hellip;]</p>
